 10100101100000000?
10100101010110101
In base 10, what is 5 + 22425768?
22425773
In base 2, what is -11101011 + -1100101010?
-10000010101
In base 5, what is 113301 - 2044220?
-1430414
In base 15, what is -3 + -11d45?
-11d48
In base 6, what is -33522401 - -5323?
-33513034
In base 15, what is -4b63 + -9d?
-4c11
In base 10, what is -4 - 30925784?
-30925788
In base 14, what is 1 + 26802cc?
26802cd
In base 9, what is -37127 - 140?
-37267
In base 2, what is -111010000 - -10001110001001100100?
10001110000010010100
In base 13, what is 5 - 245206?
-245201
In base 2, what is -10001110011 + 11011100101100?
11001010111001
In base 15, what is -8895 + 207b?
-6819
In base 16, what is -c + 77f7c9?
77f7bd
In base 5, what is 1442320 + -1313?
1441002
In base 15, what is -9b59887 + 2?
-9b59885
In base 2, what is 10 + 1100100101110011001011111?
1100100101110011001100001
In base 5, what is 14143 - 2203444?
-2134301
In base 7, what is 265 + 10533150?
10533445
In base 14, what is 2 - a0522a7?
-a0522a5
In base 3, what is -10211012111200 - -110?
-10211012111020
In base 6, what is -112345 - 23514?
-140303
In base 5, what is -3 - -13104032233?
13104032230
In base 8, what is 16 - -1237771?
1240007
In base 2, what is -1000 - 100010001101100001001000001?
-100010001101100001001001001
In base 10, what is -1712762 + -28?
-1712790
In base 3, what is 2000122122012 - 20100?
2000122101212
In base 3, what is 1001110 - -210221022220?
210222101100
In base 6, what is 4 - -1052530554?
1052531002
In base 11, what is 4 - -518127?
518130
In base 10, what is 397528 + -276?
397252
In base 5, what is 1 + -132234141220?
-132234141214
In base 2, what is 1 + 1000100001110110000110?
1000100001110110000111
In base 6, what is 12011 + -1531215?
-1515204
In base 14, what is -335c + -17d?
-34db
In base 10, what is 108 - 45646?
-45538
In base 11, what is -46a32 - -241?
-467a1
In base 13, what is -48505b + -2a?
-485088
In base 14, what is -5 - -1c8b3259?
1c8b3254
In base 6, what is -543404 - 2501?
-550305
In base 15, what is -31 - -195ab?
1957a
In base 11, what is -4 + -71311a3?
-71311a7
In base 4, what is -3330313222 - 1133?
-3330321021
In base 16, what is 2f - 19542?
-19513
In base 11, what is 3 + 146837?
14683a
In base 11, what is 0 + 2881214?
2881214
In base 15, what is dbbc7 - 22?
dbba5
In base 5, what is -104124040003 + 4?
-104124034444
In base 11, what is 37783 - -1a60?
39733
In base 16, what is 34ee44a - 2?
34ee448
In base 5, what is 13300122431 - -10?
13300122441
In base 13, what is -40 - -12732c9?
1273289
In base 2, what is 10010110010001000 - -1000111001010?
10011111001010010
In base 13, what is -1683 + 4311?
295b
In base 4, what is 1110000310321 - 11?
1110000310310
In base 10, what is -704 + -37188?
-37892
In base 5, what is 11 - -14141030011?
14141030022
In base 7, what is 5641 + 5351?
14322
In base 14, what is -32b - -34b8?
318b
In base 7, what is -5 + -465160251?
-465160256
In base 6, what is -5221503 + -331?
-5222234
In base 13, what is 1 + 481bc0a?
481bc0b
In base 16, what is -2166d0 + -4?
-2166d4
In base 15, what is a64 + 3906?
446a
In base 6, what is -3 - 11413144?
-11413151
In base 9, what is 7746158 - 6?
7746152
In base 3, what is 2122110202 - 200?
2122110002
In base 7, what is -11262462 - -352?
-11262110
In base 11, what is -30445 + -166?
-30600
In base 11, what is 1975 - -20674?
22539
In base 7, what is 10 - -1034411162?
1034411202
In base 3, what is -10120 + -21020110121?
-21020121011
In base 10, what is -6 + 888422?
888416
In base 6, what is -1112 - 53304?
-54420
In base 13, what is -1127744 - -16?
-112772b
In base 9, what is 451070236 + -2?
451070234
In base 13, what is 62 + -3c88c?
-3c82a
In base 9, what is 5013 - -2017?
7031
In base 10, what is 1 - 36316807?
-36316806
In base 6, what is -15203514 + 354?
-15203120
In base 6, what is 1103213 - 112433?
550340
In base 5, what is 1432244032334 + -10?
1432244032324
In base 5, what is 441133240 + -132?
441133103
In base 7, what is -461265222 + 2?
-461265220
In base 8, what is 504156 + 6566?
512744
In base 9, what is 30021 + -511?
28410
In base 3, what is 21220201 - -12010012?
111000220
In base 2, what is 101000010000100101 + 10000101?
101000010010101010
In base 12, what is 212 - 8964?
-8752
In base 8, what is 11345 + -755?
10370
In base 13, what is 4 - 24ab242?
-24ab23b
In base 3, what is -2 + -10001102002221?
-10001102010000
In base 7, what is 2431502 - -3131?
2434633
In base 11, what is 2a0 + -124051?
-123861
In base 2, what is 11 + -1011110011100111100001?
-1011110011100111011110
In base 10, what is 20 - 6445451?
-6445431
In base 11, what is 1 - 18233008?
-18233007
In base 10, what is -29 - -203343?
203314
In base 13, what is -4a6 + 1a0?
-306
In base 3, what is 2 - 1101120011002002?
-1101120011002000
In base 2, what is 1001101000110010 + -11011011101?
1001001101010101
In base 3, what is -1110120220010 + 1?
-1110120220002
In base 2, what is -10 - 11001001010100111101101?
-11001001010100111101111
In base 10, what is 1212 - -45429?
46641
In base 15, what is d2d63bd + -2?
d2d63bb
In base 13, what is 1 + -bc95a?
-bc959
In base 11, what is 18a590 + -16?
18a575
In base 5, what is -122410044 + 110?
-122404434
In base 4, what is -12313 + -222311332?
-222330311
In base 9, what is -451257563 - -1?
-451257562
In base 3, what is 2020200121 - -1020210?
2021221101
In base 13, what is -1 + 45831445?
45831444
In base 7, what is -22352052 + 566?
-22351153
In base 15, what is -6a941 - 4c?
-6a98d
In base 4, what is -13320220 + -13010?
-13333230
In base 3, what is 1 - 22000222222220122?
-22000222222220121
In base 16, what is 4 - 666fb?
-666f7
In base 6, what is -125 - 304312?
-304441
In base 13, what is 181c - -2a4b7?
2c006
In base 2, what is -1111010001110 + -1111001010000?
-11110011011110
In base 2, what is -110000000100010 + -1111001111?
-110001111110001
In base 12, what is 4 + 29111a9?
29111b1
In base 5, what is -22311232210 - -1?
-22311232204
In base 6, what is -53420 + 41003?
-12413
In base 7, what is 50123463 - -4?
50123500
In base 4, what is 123222123232231 - -3?
123222123232300
In base 2, what is 101 + -1100100001101101110111?
-1100100001101101110010
In base 6, what is 1 + 13202435323?
13202435324
In base 2, what is 11011001010000011101001001 + 101?
11011001010000011101001110
In base 15, what is 4114cd - -6?
4114d4
In base 11, what is -763756a - -a?
-7637560
In base 14, what is -1b0ac0 + 8a?
-1b0a34
In base 2, what is -1000111101111111110111 + 10?
-1000111101111111110101
In base 13, what is -3 + 1b77979?
1b77976
In base 9, what is 1453540 + -5?
1453534
In base 3, what is -12201202121020 - 22?
-12201202121112
In base 16, what is 3d7290 - 3?
3d728d
In base 5, what is -12 + -2302414200?
-2302414212
In base 4, what is -113000310012 - 11?
-113000310023
In base 4, what is -10 - -232011130002?
232011123332
In base 16, what is -4 + 310939?
310935
In base 7, what is -16 + -25105323?
-25105342
In base 8, what is -54 + 14371405?
14371331
In base 7, what is -2644000 - -125?
-2643542
In base 15, what is 278 + 99355?
995cd
In base 8, what is -2056254 - -22?
-2056232
In base 11, what is -4924045 - -13?
-4924032
In base 14, what is 66c7 + 1da8c?
26375
In base 13, what is -5507a1 - 20?
-5507c1
In base 3, what is 11 + 1011200111122002?
1011200111122020
In base 15, what is -5233 + 3?
-5230
In base 3, what is 100222 + -2120221100101?
-2120220222102
In base 13, what is -163b1 - 1904?
-17cb5
In base 5, what is 3122014 - 420042?
2201422
In base 15, what is -ee0805 + -4?
-ee0809
In base 4, what is -2 - 132130231?
-132130233
In base 14, what is 9c37 - -27?
9c60
In base 10, what is 5 - 336899?
-336894
In base 2, what is 100011100110101010001 + -10?
100011100110101001111
In base 13, what is 987ba + c77?
99764
In base 6, what is -3 + 122422513?
122422510
In base 4, what is 321202 - 3322222?
-3001020
In base 15, what is 16c + -1c3da?
-1c26d
In base 5, what is 300030143002 + 2?
300030143004
In base 6, what is 531221 - -105?
531330
In base 11, what is 2a9 + -4a73?
-4775
In base 9, what is 456074 - 28?
456045
In base 3, what is 10102102012022 + 21101?
10102102110200
In base 4, what is -13031020 - -10233?
-13020121
In base 2, what is -100010011101100 + 10101001010?
-11111110100010
In base 8, what is -30075650 + 3?
-30075645
In base 15, what is 4 - 20783d3?
-20783ce
In